10000010110010111011
In base 14, what is 18c7c6 + 6a?
18c852
In base 11, what is 14207961 + 4?
14207965
In base 16, what is -c1bad - -b?
-c1ba2
In base 5, what is -3341301 - -231?
-3341020
In base 16, what is -274 - -164a5?
16231
In base 6, what is 12023231032 + -15?
12023231013
In base 3, what is -21002111002 - -102200?
-21002001102
In base 8, what is 352 - 525234?
-524662
In base 12, what is -83a + -6066?
-68a4
In base 4, what is -11002331 - 11003?
-11020000
In base 9, what is 5 - -12366486?
12366502
In base 15, what is 44e9b8 - -1?
44e9b9
In base 2, what is 101010 - 1111110101011010010?
-1111110101010101000
In base 4, what is 10 + 20000010103?
20000010113
In base 13, what is 25aa02 - 1?
25aa01
In base 2, what is 1001111001010 + 10011001111?
1100010011001
In base 11, what is -56 - 26234?
-2628a
In base 11, what is 22a30 - -876?
237a6
In base 16, what is d8520 + -37?
d84e9
In base 4, what is 21023011 + -1102231?
13320120
In base 5, what is -1000410 + 4223?
-441132
In base 5, what is 104 + 120140342?
120141001
In base 13, what is 19c0 + 159a8?
17698
In base 14, what is -3 - -1b9066?
1b9063
In base 16, what is -122c882 + -2?
-122c884
In base 15, what is -104c8ced + 3?
-104c8cea
In base 11, what is 2028 - 10176?
-9149
In base 10, what is -30952782 + 21?
-30952761
In base 4, what is 2320221112 + 0?
2320221112
In base 9, what is -1488547 - -3?
-1488544
In base 6, what is -5 + 3434232214?
3434232205
In base 7, what is -22330001 - -6?
-22326662
In base 2, what is 1110111011111111010100001110 + 0?
1110111011111111010100001110
In base 5, what is -2241 + -20210221?
-20213012
In base 14, what is -5 + -76c2bd?
-76c2c4
In base 14, what is 4284c - -5a6?
43014
In base 6, what is -2314425 - -1542?
-2312443
In base 4, what is -21320100 + 2202?
-21311232
In base 14, what is 269 - -2863?
2acc
In base 16, what is -1ad3ab2 - 1?
-1ad3ab3
In base 4, what is 2022 + -1213101232?
-1213033210
In base 16, what is 3821 - -9fc?
421d
In base 11, what is -4453606 + -4?
-445360a
In base 9, what is -1465 - 237726?
-240302
In base 4, what is -3122 - -2010020?
2000232
In base 15, what is -26b0b3 + -3?
-26b0b6
In base 5, what is -2000200 + 34014?
-1411131
In base 14, what is 272 + -362c?
-339a
In base 7, what is -1 - -432640?
432636
In base 10, what is 55615 - 14?
55601
In base 3, what is -1212101 + -200211211?
-202201012
In base 7, what is 4 + -1223434443?
-1223434436
In base 11, what is 155 + 89852?
899a7
In base 2, what is -111000111011 - -100100101001111111?
100011110001000100
In base 4, what is -210033 - -322022?
111323
In base 9, what is 306 - -7682?
8088
In base 6, what is -101055 - 3550541?
-4052040
In base 11, what is -18 + 1232755?
1232738
In base 13, what is 4a451a + -10?
4a450a
In base 5, what is -103130322 - -3131?
-103122141
In base 6, what is 531154 - -103443?
1035041
In base 7, what is -312153162 - 4?
-312153166
In base 16, what is 44167e + -1?
44167d
In base 15, what is 4 - 3b03a2?
-3b039d
In base 15, what is 61 - 2b28e2?
-2b2881
In base 5, what is -3043341313 + 0?
-3043341313
In base 4, what is 1031212201 + 1003?
1031213210
In base 7, what is -51133201 + -440?
-51133641
In base 5, what is 203200003 + -124?
203144324
In base 10, what is 4 - -17031180?
17031184
In base 8, what is -4003320 + 36?
-4003262
In base 9, what is -85 + -445710?
-445805
In base 12, what is -3100 + 2214?
-aa8
In base 11, what is -50a502038 + 1?
-50a502037
In base 6, what is -3153 + 340533?
333340
In base 6, what is -141303 + 15135?
-122124
In base 13, what is -7 + -42c1a?
-42c24
In base 4, what is -1000230113222 - 100?
-1000230113322
In base 12, what is -13 - 13361b3?
-1336206
In base 4, what is 23 - -113002130?
113002213
In base 8, what is 23 - 12170360?
-12170335
In base 14, what is 519 + c46?
1361
In base 5, what is 1431341203 + 1023?
1431342231
In base 16, what is -3 + 1bb15b?
1bb158
In base 16, what is -33 - -4cd2?
4c9f
In base 4, what is 2220333033 - -103?
2220333202
In base 9, what is 8378287 - 3?
8378284
In base 12, what is -16bb4 + -1a7?
-1719b
In base 11, what is 3975a - 161?
395a9
In base 7, what is 3 + 153142313?
153142316
In base 4, what is -3022103 - 10233?
-3033002
In base 2, what is 10101011111110001100010 - 1000110?
10101011111110000011100
In base 8, what is 641543 - -561?
642324
In base 6, what is 14300 - -4511?
23211
In base 15, what is 2 - -1e3519?
1e351b
In base 11, what is -309 + 147290?
146a82
In base 14, what is 515d5 - -c9?
516c0
In base 12, what is 1206373 - -13?
1206386
In base 16, what is 2ab - -6f08d?
6f338
In base 7, what is -6505250 - 3542?
-6512122
In base 8, what is -1450645 - 105?
-1450752
In base 15, what is -4a72 + -bad?
-5730
In base 8, what is 11 - 12633220?
-12633207
In base 12, what is b650 + 17a9?
11239
In base 8, what is -2723066 - 475?
-2723563
In base 14, what is 1 - 9a2442?
-9a2441
In base 15, what is -28e35a70 - -2?
-28e35a6d
In base 16, what is 0 - 75a90af?
-75a90af
In base 5, what is 10 + -30424224?
-30424214
In base 6, what is -35 + 4541204?
4541125
In base 8, what is -51026 + 122300?
51252
In base 6, what is 221350 - 141?
221205
In base 10, what is -4 + 101093094?
101093090
In base 10, what is 6 - 10640598?
-10640592
In base 8, what is -262 - -26670?
26406
In base 10, what is 695986317 - 2?
695986315
In base 16, what is 10d1cde + c?
10d1cea
In base 2, what is -110010000000000110110000101 - -10?
-110010000000000110110000011
In base 3, what is 100020202 - 110220012?
-10122110
In base 11, what is -9 - 6544a23?
-6544a31
In base 11, what is 12 - -29050542?
29050554
In base 9, what is 34551 + -4252?
30288
In base 16, what is 3af60b + -35?
3af5d6
In base 9, what is 1040 + -161836?
-160786
In base 3, what is -11 + -220122022121?
-220122022202
In base 3, what is 21 - 22201001022021?
-22201001022000
In base 6, what is 22331243 - -12?
22331255
In base 8, what is -40 + -4752334?
-4752374
In base 13, what is -3b790 - 698?
-3c158
In base 6, what is 52351 - -24431?
121222
In base 14, what is 538 + -127346?
-126c0c
In base 6, what is -5211413003 - 3?
-5211413010
In base 16, what is 3 + a7ec42?
a7ec45
In base 6, what is 203111023 - 5?
203111014
In base 3, what is 1202111101 + -2100?
1202102001
In base 9, what is -1058 - 206211?
-207270
In base 8, what is 3602170 + -17?
3602151
In base 10, what is 3 + 3862626?
3862629
In base 8, what is 3526000 + -453?
3525325
In base 10, what is -397026 - -1?
-397025
In base 5, what is -201424044 + 13?
-201424031
In base 7, what is -44014 + -234000?
-311014
In base 3, what is 121 - 2200211112?
-2200210221
In base 16, what is -4 - 2ca100?
-2ca104
In base 2, what is 1000101000000000101111110000 - 1?
1000101000000000101111101111
In base 11, what is 13855193 - -1?
13855194
In base 7, what is 25 - -3461644?
3462002
In base 12, what is 6 + 149027?
149031
In base 16, what is 95917 - 4d?
958ca
In base 4, what is 210202323210 + -10?
210202323200
In base 16, what is 13 + 20b625?
20b638
In base 13, what is -a4c79 - -89?
-a4bc0
In base 5, what is 3334241 - 23441?
3310300
In base 9, what is 2 + -33531227?
-33531225
In base 10, what is 21425824 - 54?
21425770
In base 13, what is 92676 - -34?
926aa
In base 11, what is -5 - 324836?
-324840
In base 15, what is 14 - 5c386e?
-5c385a
In base 9, what is 14854 + -1721?
13133
In base 4, what is 1330103 + -22030113?
-20100010
In base 12, what is -61239a9 + -19?
-6123a06
In base 14, what is -36 + 71983c?
719806
In base 15, what is 581 + 11c7d?
1230e
In base 13, what is 399705b5 - 2?
399705b3
In base 15, what is -65b244 - -9?
-65b23a
In base 15, what is 1e + 48a3e3?
48a412
In base 6, what is 15253503 + 45?
15253552
In base 16, what is -9aa55 + -23b?
-9ac90
In base 15, what is -2cea4 + 24?
-2ce80
In base 10, what is 39 - -101176?
101215
In base 6, what is -25 - -34332012?
34331543
In base 3, what is -200000202002100 + 12?
-200000202002011
In base 12, what is -14 - 39006?
-3901a
In base 3, what is 12012211121210002 - 0?
12012211121210002
In base 3, what is -121201 + 2221222022?
2221100121
In base 11, what is 4559 + -76108?
-7165a
In base 11, what is -1a0a - -336a?
1460
In base 4, what is -3022333030 - 2000?
-3023001030
In base 2, what is -111010011110101 + -100111110110?
-111111011101011
In base 14, what is 244196c - 4?
2441968
In base 6, what is -1 + 24443132?
24443131
In base 8, what is -17 - -